 Calculate k(4).
-3894
Let c(g) = 99216*g - 1488237. Calculate c(15).
3
Let r(q) = -4650*q + 37193. Give r(8).
-7
Let w(r) = -1887*r + 175192. What is w(93)?
-299
Let g(y) = y**2 + 1767*y - 2759463. Calculate g(998).
7
Let b(a) = 204*a + 1103. Give b(6).
2327
Let w(u) = 15721*u + 204455. Determine w(-13).
82
Let m(p) = 1617*p - 2133. Give m(1).
-516
Let d(p) = -6*p**3 - 10*p**2 - 1681*p - 6641. Determine d(-4).
307
Let n(s) = 54107*s - 541065. What is n(10)?
5
Let i(u) = -u**3 - 19*u**2 - 83*u - 2001. Calculate i(-20).
59
Let a(q) = -36*q**3 - 16*q**2 + 44*q - 126. Calculate a(4).
-2510
Let l(j) = j**2 + 551*j + 4906. Determine l(-9).
28
Let a(l) = 307620*l - 615233. Calculate a(2).
7
Let l(b) = 11208*b - 123211. What is l(11)?
77
Let w(x) = -284*x - 63032. What is w(-217)?
-1404
Let u(v) = 4*v**2 + 750*v - 19337. Determine u(23).
29
Let b(p) = 3*p**3 + 3*p**2 - 73*p - 213. Calculate b(-3).
-48
Let k(d) = -8*d**2 - 1934*d + 461. Determine k(-242).
-23
Let f(t) = 555*t + 143300. Give f(-259).
-445
Let f(c) = -17*c**3 + 404*c**2 + 178*c - 123. Determine f(24).
1845
Let i(f) = -f**2 - 9289*f - 4880074. Give i(-559).
-4
Let c(w) = 3096*w - 14222. Calculate c(5).
1258
Let l(h) = -h**3 - 265*h**2 - 1301*h - 321. Determine l(-260).
-61
Let x(y) = -y**2 + 12213*y - 16. Give x(0).
-16
Let i(m) = 1003*m - 110556. Give i(110).
-226
Let g(f) = 2*f**3 + 93*f**2 + 579*f + 47. Determine g(-7).
-135
Let s(b) = -124*b**2 + 792*b + 2919. Give s(9).
3
Let v(j) = j**2 - 1117*j + 33678. What is v(31)?
12
Let w(l) = l**3 + 169*l**2 - 688*l + 744. What is w(-173)?
52
Let v(i) = 921591*i + 4607877. Calculate v(-5).
-78
Let a(g) = -41*g**3 - 980*g**2 + 105*g + 207. Calculate a(-24).
-9
Let s(i) = -13*i**2 - 304*i - 151. What is s(-21)?
500
Let n(a) = 31*a + 2403. What is n(-8)?
2155
Let g(f) = 9*f**3 - 89*f**2 - 16*f + 11. Give g(10).
-49
Let j(i) = -3*i**3 + 271*i**2 + 476*i - 1473. Determine j(92).
-1
Let a(l) = l**2 - 1383*l + 473603. Calculate a(624).
-13
Let o(z) = -43*z + 543. Calculate o(4).
371
Let d(z) = -7*z**3 + 106*z**2 + 102*z - 16. What is d(16)?
80
Let k(d) = 4*d**2 - 421*d + 2133. What is k(100)?
33
Let o(y) = y**3 + 52*y**2 + 356*y + 159. Give o(-44).
-17
Let b(n) = -2*n**2 - 57*n + 406. Calculate b(-34).
32
Let r(x) = x**2 + 642*x + 103134. Calculate r(-313).
157
Let n(j) = 179110*j + 537315. What is n(-3)?
-15
Let k(q) = -q**2 - 21985*q - 153778. What is k(-7)?
68
Let u(c) = -c**3 + 13*c**2 + 181*c - 1449. Determine u(7).
112
Let k(f) = -1030*f**2 + 87547*f + 343. Calculate k(85).
88
Let k(z) = 6801*z + 61241. What is k(-9)?
32
Let p(u) = 8*u**3 - 95*u**2 - 559*u + 9. Give p(-6).
-1785
Let u(c) = 173*c + 38934. Determine u(-219).
1047
Let f(l) = 23*l**3 + 40*l**2 - 17*l - 29. Calculate f(-2).
-19
Let s(o) = 5*o**2 - 204*o + 82. Determine s(41).
123
Let d(y) = -y**3 - 153*y**2 + 1101*y + 137. What is d(7)?
4
Let q(b) = 4*b**3 - 126*b**2 - 63*b - 41. Give q(32).
-9
Let a(n) = -231*n**2 + 13858*n + 134. What is a(60)?
14
Let s(f) = -24*f**2 - 390*f - 770. What is s(-14)?
-14
Let h(o) = o**3 - 79*o**2 + 38*o + 3056. Give h(78).
-64
Let a(h) = -h**3 - 83*h**2 + 1122*h + 67370. What is a(-87)?
32
Let w(l) = -2*l**3 + 9*l**2 - 108*l + 5. Give w(7).
-996
Let f(n) = 11244*n + 3811716. Give f(-339).
0
Let w(o) = -99867*o - 6291636. What is w(-63)?
-15
Let w(p) = p**3 + 52*p**2 + 487*p + 331. Give w(-40).
51
Let a(j) = 16278*j + 97668. Give a(-6).
0
Let n(f) = 4000*f - 248008. Calculate n(62).
-8
Let u(y) = -11*y**3 + 135*y**2 - 120*y + 73. What is u(12)?
-935
Let g(w) = -824*w**3 - 2*w**2 - 29*w + 31. What is g(1)?
-824
Let i(m) = 410*m - 56564. Determine i(139).
426
Let f(y) = -5*y**3 - 4*y**2 + 33*y + 2. Calculate f(-3).
2
Let b(c) = -1255*c - 61247. What is b(-49)?
248
Let v(f) = f**2 + 8091*f - 113024. Determine v(14).
446
Let n(a) = 18*a**2 - 1184*a + 9031. Calculate n(57).
25
Let i(l) = -l**3 - 182*l**2 + 96*l - 15818. What is i(-183)?
103
Let i(b) = -189*b**2 + 3240*b - 453. Determine i(17).
6
Let m(z) = 2001*z + 6003. Determine m(-3).
0
Let a(o) = 272*o - 2941. Give a(11).
51
Let o(r) = -232*r**3 + 2*r**2 + 1213*r + 3644. Determine o(-3).
6287
Let p(a) = -a**2 - 19630*a - 744500. Calculate p(-38).
-4
Let w(t) = -252*t + 2139. Calculate w(6).
627
Let x(p) = -2101*p**2 + 113454*p. Determine x(54).
0
Let v(f) = 2*f**3 + 121*f**2 - 476*f - 1770. Determine v(-64).
22
Let b(q) = -27*q**2 + 558*q - 147. Determine b(20).
213
Let s(d) = -d**2 + 1720*d - 42378. Determine s(25).
-3
Let j(y) = -2*y**2 + 42*y - 100. Determine j(26).
-360
Let v(a) = -a**3 - 121*a**2 + 125*a + 338. Determine v(-122).
-28
Let i(p) = 10*p**2 - 51*p - 355. Give i(-4).
9
Let b(w) = 3*w**2 + 1136*w - 19321. What is b(17)?
858
Let r(i) = -2*i**3 + 10*i**2 - 262*i + 2479. What is r(8)?
-1
Let w(t) = -1989*t - 10075. What is w(-6)?
1859
Let j(a) = 600*a - 6279. Determine j(9).
-879
Let g(d) = -113*d**2 + 3173*d - 177. Calculate g(28).
75
Let p(v) = -v**3 - 77*v**2 - 66*v + 581. Calculate p(-76).
-179
Let f(y) = -2*y**3 - 17*y**2 + 374*y + 1720. Calculate f(-4).
80
Let w(r) = -r**3 + 27*r**2 - 78*r + 1660. What is w(16)?
3228
Let s(q) = q**2 + 172*q - 44139. Calculate s(141).
-6
Let v(o) = 12*o**3 + 43*o**2 + 134*o + 301. What is v(-3)?
-38
Let q(t) = -8332*t - 341608. Calculate q(-41).
4
Let f(m) = 3*m**3 + m**2 + 11*m + 19. What is f(-2)?
-23
Let k(f) = -622*f + 6326. What is k(11)?
-516
Let p(a) = -24*a**2 + 1570*a - 664. Give p(65).
-14
Let j(h) = 39*h**2 - 768*h - 102. Determine j(22).
1878
Let k(z) = -2*z**3 + 106*z**2 + 18*z - 32. Give k(53).
922
Let g(d) = -3540*d + 81194. Determine g(23).
-226
Let d(v) = -81*v**2 - 2419*v - 2417. What is d(-1)?
-79
Let n(x) = 16974*x - 236940. What is n(14)?
696
Let b(n) = -3*n**2 + 758*n + 5430. What is b(259)?
509
Let r(t) = -t**2 - 201*t + 1536. What is r(12)?
-1020
Let q(f) = f**2 - 9314*f - 140074. Give q(-15).
-139
Let x(v) = 1002*v**2 + 136282*v + 1368. What is x(-136)?
8
Let t(r) = -1709*r - 109687. Determine t(-64).
-311
Let a(x) = -2*x**2 - 1568*x + 194657. What is a(109)?
-17
Let p(w) = -16*w**2 - 1914*w + 4636. Give p(-122).
0
Let u(b) = b**3 + 325*b**2 + 26361*b - 468. Calculate u(-156).
0
Let a(h) = -874*h - 253466. Determine a(-290).
-6
Let r(d) = -149*d**2 - 3016*d + 9054. Determine r(3).
-1335
Let n(f) = 123*f - 4522. What is n(22)?
-1816
Let u(o) = -12931*o + 879279. Give u(68).
-29
Let v(g) = -676*g**2 - 2489*g - 4978. Calculate v(-2).
-2704
Let j(s) = -s**3 - 161*s**2 + 997*s + 822. Give j(-167).
1657
Let a(b) = -6334821*b + 107691953. Calculate a(17).
-4
Let p(k) = 621*k - 74603. Give p(120).
-83
Let n(k) = 361*k - 2175. What is n(8)?
713
Let f(z) = -16*z**3 - 229*z**2 + 132*z + 95. What is f(1)?
-18
Let a(z) = 50*z**3 + 2*z**2 - 11*z - 16. What is a(3)?
1319
Let f(t) = -780*t + 3964. Calculate f(7).
-1496
Let n(k) = 25*k**3 + 3648*k**2 - 203*k + 13055. Determine n(-146).
61
Let n(x) = 2*x**2 + 112*x + 1786. Determine n(-14).
610
Let x(o) = -4*o**3 + 3*o**2 + 6. Calculate x(0).
6
Let s(b) = 588*b + 9315. What is s(-16)?
-93
Let p(h) = -h**2 - 294*h + 9682. What is p(30)?
-38
Let v(m) = -24*m**2 - 990*m - 11848. Calculate v(-12).
-3424
Let v(z) = 2639*z - 131949. What is v(50)?
1
Let i(v) = 11*v - 1559. Calculate i(-170).
-3429
Let s(g) = -811*g + 9046. Give s(9).
1747
Let q(o) = o**3 - 251*o**2 + 15252*o - 819. Determine q(103).
5
Let m(y) = -257*y**2 - 4*y - 31. Give m(-3).
-2332
Let y(w) = 69*w**3 + 629*w**2 + 61*w - 139. Calculate y(-9).
-40
Let t(v) = -v**3 + v**2 + 262*v + 955. Determine t(-4).
-13
Let v(m) = m**3 + 24*m**2 + 53*m - 21. Give v(-6).
309
Let g(n) = -5*n**2 - 125*n + 6959. Calculate g(0).
6959
Let y(o) = -7*o**2 + 269*o + 1116. What is y(-4)?
-72
Let y(s) = -33*s**2 + 2779*s - 15991. Give y(78).
-1
Let s(u) = -623*u + 36822. Give s(57).
1311
Let t(p) = -32*p**2 + 4067*p - 4066. Calculate t(1).
-31
Let g(r) = -3*r**3 + 243*r**2 - 224*r - 1310. What is g(80)?
-30
Let g(w) = -79*w - 1067. Determine g(-10).
-277
Let c(a) = -2878*a**2 + 17208*a + 49. Calculate c(6).
-311
Let k(n) = -28*n**2 + 29*n + 133. Give k(5).
-422
Let y(b) = -13087*b + 107853. Give y(8).
3157
Let v(m) = m**3 - 114*m**2 + 2242*m - 1159. Determine v(89).
354
Let c(a) = 6323*a + 31859. Calculate c(-5).
244
Let p(n) = 10563*n + 792244. Give 